3*o + 2*o + 2 - 6*o. Let g(u) = u**3 - 3*u**2 + 2. Let f be g(2). Calculate y(f).
-4
Let a(j) = -j**2 + 3*j + 2. Let v be a(4). Let g(y) = -20*y**2 - 34*y. Let o = -982 + 965. Let t(l) = -7*l**2 - 12*l. Let p(u) = o*t(u) + 6*g(u). Give p(v).
-4
Let c(m) = 50*m - 27. Let u(s) = -70*s + 25. Let n(t) = 3*c(t) + 2*u(t). Calculate n(-9).
-121
Suppose -10*o + 72 - 42 = 0. Let i(a) = -a**3 + 2*a**2 - 8*a**2 + 2*a**o - 3579*a + 3578*a. Calculate i(6).
-6
Let a(r) = r**2 + 20*r + 44. Suppose -15*v = -6026 + 6311. Determine a(v).
25
Suppose -6 = t - 3*t. Let j(y) = 1 + y**3 - y + 4*y**2 - 4*y + t*y. Let b be (0 - 505/(-707))/((-2)/14). Determine j(b).
-14
Let g(q) = -200 + 602 - 203 + 3*q + 7*q - 198. Calculate g(-2).
-19
Let j(x) = 1. Let n(u) = u + 4. Let m(h) = -6*j(h) - n(h). Suppose -368*p + 378 = 422*p - 832*p. Give m(p).
-1
Suppose 0 = 2*l - r - 11, l - 4*l + 24 = -3*r. Suppose -h - 3*h = -l*c - 28, -24 = 5*c - h. Let x(w) = -w**2 - 4*w - 4. Give x(c).
-4
Let k(y) = y**2 + 5*y - 2. Let b(x) be the first derivative of -x**4 - x**3/3 + x**2/2 - 4. Let a be (1 + 0)/(-27 + 28). Let f be b(a). Determine k(f).
-6
Let t(q) = -5*q - 49. Let v(k) = k**3 - 6*k**2 - 13*k + 72. Let r be v(5). Determine t(r).
41
Let u(z) be the third derivative of -3*z**4/8 + 5*z**3/6 + z**2. Let l be u(2). Let p = 11 + l. Let i(s) = -2*s**2 + 1. What is i(p)?
-7
Let h(u) = 37*u + 6. Let w(k) = 24 - 8 - 3 + 4*k - 10 - 2. Let x(c) = -4*h(c) + 36*w(c). Determine x(6).
-12
Let s(q) = 9*q**2 - 2*q**3 + 3 - 6 + 0 + q**3 + 9*q + 6. Let i(l) = l**2 + 2*l + 7. Let b be i(-3). Calculate s(b).
-7
Let y(m) be the first derivative of -m**3/3 - 5*m**2 - 10*m + 4040. What is y(-8)?
6
Let t(k) = k**2 - 8*k + 11. Let p be t(7). Let z(d) = 4*d + 1. Let f(n) = 26*n + 4. Let a(b) = -f(b) + 8*z(b). Determine a(p).
28
Let f = 837 - 837. Suppose -p - m + 24 = 33, f = 5*m + 25. Let b(q) = -2*q**3 - 6*q**2 - 2*q - 3. What is b(p)?
37
Suppose 9 = 15*q - 17*q - 3*p, 5*q = -5*p - 10. Let l(d) = -4*d**2 + 7. Give l(q).
-29
Let b(d) = -d**2 - 10*d + 28. Suppose 4*s + 24*t - 13 = 25*t, -3*s = -3*t - 12. Determine b(s).
-11
Let p(y) = 8 - 79*y**2 + 151*y**2 - 73*y**2 - 4*y. Give p(-7).
-13
Let m be (8 + (-105)/12)*-4. Suppose -m*f + 13 = -0*f - 2*h, 4*h - 19 = -3*f. Let a(l) = -l**3 + 6*l**2 - 7*l + 4. Determine a(f).
-6
Suppose 292 = 20*p - 178 + 50. Let t(h) = -h**3 + 20*h**2 + 16*h + 12. Give t(p).
-93
Suppose -4*x - 5 = 23. Suppose -156 = -9*q - 111. Let b = q + x. Let o(r) = 3*r**2 + 2*r - 2. Calculate o(b).
6
Let j(s) be the first derivative of -s**3/3 - s**2/2 - 2*s + 3200. Give j(-1).
-2
Let b(y) = -y**2 - 3*y + 7. Let s = -522 - -524. Let q(g) = -g**3 + 9*g**2 - 16*g. Let a be q(s). Calculate b(a).
3
Let q(v) = 9*v - 63. Let x(z) = -z**3 + 19*z**2 - 84*z - 48. Let m be x(10). Give q(m).
45
Let n(t) be the first derivative of t**4/6 + t**3/6 - 23*t**2/2 + 45. Let h(y) be the second derivative of n(y). Give h(5).
21
Let g(t) = 22*t + 2. Let n = -470 - -468. Give g(n).
-42
Let g(p) = -10*p**2 + p - 17. Let z be 209/(-152)*(-4)/22*(0 - 0). Calculate g(z).
-17
Suppose 4*i = 5*i - 90. Let p be 10/3*(-162)/i. Let x(v) = -v**2 - 6*v - 6. What is x(p)?
-6
Suppose -3*u - 5*z + 4 + 1 = 0, -3*z = 2*u - 4. Let i(w) = -5*w + 12. Calculate i(u).
-13
Let u be 12/(-8)*4/(-2). Suppose i + 0 = -3*r - 23, 27 = -2*r - 3*i. Let m be 7 + u/r*0. Let x(b) = b**3 - 6*b**2 - 5*b + 7. Determine x(m).
21
Let i = -640 - -645. Let j(l) = -4*l**3 + 5*l**2 - 4*l + 2. Let h(f) = -5*f**3 + 5*f**2 - 5*f + 3. Let r(m) = -3*h(m) + 4*j(m). What is r(i)?
-6
Let w(v) = 14 - 78 + 26 + 18 + 30 - 2*v. Let q(z) = -z**2 + 4*z - 2. Let n be q(5). Determine w(n).
24
Suppose 4*b + 3 + 17 = 0. Let p(n) = -12*n**2 - 3*n - 12. Suppose 40 = -85*y + 80*y. Let r(v) = -19*v**2 - 4*v - 18. Let h(x) = y*p(x) + 5*r(x). What is h(b)?
11
Let d = 565 + -561. Let t(a) = 2*a**2 - 5 - 15*a - d - 5 + 29. Give t(7).
8
Suppose -4*l + 68*t = 69*t + 21, 2*l - 4*t + 24 = 0. Let u(v) = v**3 + 8*v**2 + 7*v - 10. Calculate u(l).
20
Let v(b) be the first derivative of -3*b**2/2 + b - 4640. Give v(6).
-17
Let n(z) be the first derivative of z**4/4 + 4*z**3/3 - 31*z**2/2 + 1178. What is n(-8)?
-8
Let w = 1325 - 1319. Let q(j) = j**2 - 6*j + 5. What is q(w)?
5
Let q(x) = -1207*x + 2443*x + 2 - 1205*x. Let v(s) = -13*s - 1. Let u(k) = 3*q(k) + 7*v(k). Calculate u(-6).
-13
Let j(i) = -5*i - 6. Suppose -k + 5*s = -18, -2*s - 9 = 1. Let u(h) = -13*h - 13. Let z(y) = k*j(y) + 3*u(y). Give z(-5).
23
Let p(f) be the third derivative of f**6/120 - f**5/5 + 7*f**4/12 - 6*f**3 + 214*f**2. Calculate p(11).
-3
Let j(d) = 3*d + 37. Let x be j(-13). Let y(t) = t**3 + 2*t**2 - 16*t - 31. Let f be y(x). Let g(w) = 3*w**2 - w + 1. What is g(f)?
3
Let m(x) = -93*x - 11*x**2 + 193*x - 4*x**3 - 91*x + 4 + 5*x**3. Determine m(10).
-6
Let z = 10 + -5. Suppose -x = o - 9, -7 = -o + 2*o + z*x. Suppose 0 = u + 2*u - q + o, -2*u - 17 = q. Let k(b) = b - 3. Determine k(u).
-9
Let m(r) = -r**2 + r - 1. Let t(l) = -5*l**2 + 5*l + 29. Let h(o) = -3*m(o) + t(o). What is h(-6)?
-52
Let x(f) be the first derivative of f**4/4 - 8*f**3/3 - 5*f**2/2 - 21*f + 1557. Determine x(9).
15
Suppose -12*n + 36 = 4*a, -46*n = -47*n + a + 15. Let h(s) = -s - 1. Let p(u) = -5*u - 4. Let b(c) = 9*h(c) - 2*p(c). Give b(n).
5
Let y(u) be the first derivative of u**4/4 + u**3 - u**2 + 3*u + 843. What is y(-4)?
-5
Let l(u) = 2. Let j(b) = -7. Let s(d) = 2*j(d) + 9*l(d). Let x(t) = 2*t - 42. Let g(h) = 22*s(h) + 2*x(h). Calculate g(-3).
-8
Let k = 22 + -25. Let n(r) = -28*r - 38. Let x(u) = -7*u. Let f(o) = k*x(o) + n(o). What is f(-5)?
-3
Let r(k) be the first derivative of -13*k**2/2 - 2*k + 555. Determine r(-1).
11
Let g(s) = 2*s**3 + 3*s**2 + 7*s - 3. Suppose -90 + 11 = 16*v - 47. Give g(v).
-21
Let j(f) be the third derivative of -f**4/4 + 8*f**3/3 - 401*f**2. Give j(4).
-8
Let y(x) = -2*x**2 - 23*x - 12. Suppose 2*b + 47 = 5*f, -15 - 12 = 2*b - f. Give y(b).
-1
Suppose 0 = -2*s - 10, 0 = 3*j - 2*s + 6*s + 8. Let b(v) = -v**2 - 61 + 61 - j*v. Let h be -4 - (2 + -5 - -2). Calculate b(h).
3
Let f(y) = 19*y - 13. Let n(v) = -16*v + 117. Let s be n(8). Let q(m) = -52*m + 39. Let o(j) = s*f(j) - 4*q(j). What is o(-6)?
-7
Let c(t) = -3*t**2 + 2*t + 12. Suppose 54*o = 94*o + 120. Determine c(o).
-21
Let i(w) = -2045592 + 0*w + w**3 + 4*w**2 - w + 2045591. Give i(-5).
-21
Let m(d) = -7*d**2 - 7*d - 12. Let p(j) = -j**2 - 1. Suppose -s - 3*q = s, -s + 4*q + 22 = 0. Suppose -3*w = -2 + 5. Let g(i) = s*p(i) + w*m(i). What is g(-5)?
-4
Let y(m) = 47*m + 48*m + 22 - 115*m + 5*m**2 - 6*m**2. What is y(-21)?
1
Let b(v) = -4*v + 38. Let j = 762 - 749. Suppose 29*t - j*t - 176 = 0. What is b(t)?
-6
Let g(w) = 5*w - 6. Let m(v) = 81*v - 96. Let f(c) = 33*g(c) - 2*m(c). Suppose -19 - 29 = -8*p. Suppose -p*u + 48 = 2*u. Give f(u).
12
Let f(p) = 2*p**2 - p + 2. Let d(l) = -22*l + 1. Let o be d(0). Suppose -t - o = 0, -5 = -b + 24*t - 21*t. Determine f(b).
8
Suppose -4*y + 2 = 3*n - 9, 2*n - 8 = -3*y. Let z(s) be the first derivative of -3*s**2 - s - 300. What is z(y)?
-13
Let a be (-62)/93 - ((-14)/3 - 1). Suppose a*k + 1 = 21. Let i(o) = 2*o - 4. Determine i(k).
4
Let t(v) = v**2. Suppose 3*p + r - 1 = 0, -5*p + 5*r - 28 = -3. Let n(d) = 8*d + 3. Let j(f) = p*n(f) - t(f). Calculate j(-9).
-12
Let i(z) = z**2 - z + 1. Let s(x) = -2*x**3 - 2*x**2 - x + 40. Let r be s(-8). Let b = 944 - r. What is i(b)?
1
Let m be (-1)/3*3*1 - 4. Let n(r) = -7*r**2 + 17*r - 5. Let b(w) = -5*w**2 + 14*w - 4. Let h(t) = 4*b(t) - 3*n(t). Calculate h(m).
-1
Let r(o) be the second derivative of -o**5/20 - o**4 - 2*o**3 - 5*o**2 + 13*o. Suppose 15*i + 19*i - 132 = 46*i. Calculate r(i).
1
Let y = 272 - 270. Suppose 5*w = -5*u + 2*w + 24, -y*w = -5*u + 34. Let b(q) be the third derivative of q**5/60 - 7*q**4/24 + q**2. Give b(u).
-6
Let f(r) = -406*r - 9. Let w(a) = -325*a - 8. Let d(y) = -4*f(y) + 5*w(y). Suppose p + 6 = 3*p. What is d(p)?
-7
Let t(g) be the second derivative of 2/3*g**4 + 2/3*g**3 - 31*g + 5/2*g**2 + 1/20*g**5 + 0. What is t(-8)?
-27
Suppose 3*b + 2*b = 60. Suppose -l = 11 - b. Let i(t) = 5*t**2 - t + 2. Let y be i(l). Let o(a) = a**3 - 6*a**2 - a + 2. Give o(y).
-4
Let h(g) = g**2 - 5*g - 1. Let s(n) = -n**2 - 2*n + 21. Let k be 0 + 33/(-4) + (